greatest common factor of 718 and 22.
2
Calculate the highest common divisor of 144 and 1542.
6
What is the greatest common divisor of 24372 and 1332?
36
Calculate the greatest common factor of 54 and 1446.
6
What is the greatest common divisor of 392104 and 552?
184
What is the highest common factor of 35580 and 4908?
12
What is the highest common divisor of 4544059 and 247?
247
What is the highest common divisor of 55143 and 135?
9
Calculate the highest common factor of 8 and 63072.
8
Calculate the greatest common factor of 8 and 3335552.
8
Calculate the greatest common factor of 1472 and 6208.
64
What is the highest common divisor of 323 and 261953?
323
What is the greatest common factor of 2142 and 1122?
102
Calculate the highest common factor of 41002 and 74594.
494
What is the greatest common divisor of 19 and 141227?
19
What is the greatest common factor of 8960 and 25280?
320
What is the greatest common factor of 26 and 3971734?
26
What is the highest common factor of 1540 and 959860?
220
What is the highest common divisor of 73405 and 265?
265
Calculate the highest common divisor of 1272 and 69801.
159
Calculate the greatest common factor of 652932 and 112.
28
Calculate the highest common divisor of 129784 and 8.
8
Calculate the highest common factor of 110644 and 6116.
556
What is the greatest common factor of 65528 and 8?
8
Calculate the greatest common divisor of 6940 and 5899.
347
What is the greatest common divisor of 154 and 8106?
14
What is the greatest common factor of 225 and 36873?
9
What is the highest common divisor of 2200 and 4121700?
1100
Calculate the highest common divisor of 176 and 8917392.
176
What is the greatest common divisor of 75166 and 22892?
118
What is the highest common divisor of 8301063 and 183?
183
What is the highest common factor of 667 and 1219?
23
What is the greatest common factor of 619268 and 52?
52
What is the highest common factor of 12 and 7960?
4
What is the greatest common factor of 437 and 58719?
23
What is the highest common divisor of 496 and 41416?
248
Calculate the greatest common divisor of 1072 and 792744.
536
What is the greatest common factor of 874 and 9006?
38
What is the highest common factor of 981 and 36837?
9
Calculate the highest common divisor of 24 and 336.
24
What is the highest common factor of 4216 and 11016?
136
What is the greatest common factor of 36 and 85167?
9
Calculate the highest common factor of 1136 and 27472.
16
Calculate the highest common divisor of 32039 and 2737.
161
Calculate the highest common factor of 8008 and 77077.
1001
What is the greatest common factor of 107 and 5206834?
107
Calculate the highest common divisor of 1 and 10214.
1
Calculate the greatest common divisor of 19968 and 36.
12
What is the greatest common divisor of 53998 and 228?
38
What is the greatest common factor of 19495 and 2555?
35
Calculate the highest common factor of 476 and 135524.
68
Calculate the greatest common divisor of 100 and 330700.
100
Calculate the greatest common factor of 899176 and 16.
8
What is the highest common divisor of 64 and 432704?
64
Calculate the greatest common divisor of 3528160 and 1280.
160
Calculate the greatest common factor of 101388 and 306.
102
What is the highest common factor of 86055 and 120?
15
Calculate the highest common factor of 657 and 1217.
1
Calculate the greatest common divisor of 230582 and 12408.
1034
Calculate the greatest common divisor of 52 and 41938.
26
Calculate the highest common factor of 352301 and 8.
1
What is the highest common factor of 63185 and 5?
5
Calculate the greatest common factor of 741042 and 162.
54
What is the highest common divisor of 5502 and 294?
42
Calculate the greatest common factor of 268 and 5246636.
268
What is the highest common factor of 615153 and 21?
21
What is the highest common divisor of 436392 and 1672?
1672
What is the highest common divisor of 100044 and 10332?
252
What is the greatest common divisor of 12612990 and 26?
26
What is the greatest common divisor of 5472 and 2934?
18
What is the greatest common divisor of 10550 and 200?
50
Calculate the greatest common divisor of 11645 and 6307.
17
What is the greatest common factor of 729 and 6453?
27
Calculate the greatest common divisor of 1173 and 108123.
69
What is the highest common factor of 972 and 153252?
324
Calculate the greatest common factor of 1833 and 103.
1
Calculate the highest common factor of 7047 and 1392.
87
What is the greatest common factor of 928 and 27956?
116
What is the highest common divisor of 166725 and 54891?
513
What is the highest common factor of 64169 and 178?
89
Calculate the highest common factor of 99 and 13981.
11
Calculate the greatest common divisor of 1790 and 367845.
895
What is the greatest common divisor of 1162 and 1338043?
581
What is the highest common divisor of 1690 and 43433?
169
Calculate the highest common factor of 22294 and 1884.
314
Calculate the highest common factor of 64842 and 3531.
321
Calculate the greatest common factor of 435 and 3219.
87
Calculate the highest common factor of 752 and 87044.
188
What is the greatest common divisor of 4495 and 16675?
145
Calculate the highest common factor of 261959 and 1.
1
What is the greatest common divisor of 5952 and 14216?
8
Calculate the greatest common divisor of 116 and 503846.
58
Calculate the greatest common divisor of 286804 and 84.
28
What is the highest common divisor of 1772 and 652?
4
Calculate the highest common divisor of 1024863 and 21.
21
Calculate the greatest common factor of 611 and 18706.
47
What is the greatest common divisor of 35433 and 89154?
1143
Calculate the highest common divisor of 2368 and 832.
64
Calculate the highest common divisor of 812 and 21721.
203
What is the greatest common divisor of 116136 and 180?
36
What is the highest common factor of 88051 and 1528?
191
What is the greatest common divisor of 34317 and 299997?
1107
What is the greatest common divisor of 1890 and 1212435?
945
Calculate the greatest common factor of 1269 and 73132.
47
What is the greatest common factor of 18018 and 7553?
91
What is the highest common factor of 70 and 66178?
14
What is the greatest common factor of 20 and 564?
4
Calculate the highest common factor of 2065 and 40.
5
Calculate the greatest common divisor of 49460 and 80.
20
Calculate the greatest common factor of 464 and 864.
16
What is the greatest common factor of 5047 and 12887?
49
What is the highest common divisor of 12 and 54360?
12
Calculate the greatest common factor of 1 and 4751.
1
What is the highest common divisor of 874 and 218937?
437
What is the greatest common divisor of 7983 and 477?
9
What is the highest common divisor of 234 and 16198?
26
Calculate the highest common divisor of 56250 and 120.
30
Calculate the highest common factor of 3850 and 3740.
110
Calculate the greatest common divisor of 33356 and 7936.
124
What is the greatest common factor of 738 and 486834?
246
Calculate the highest common divisor of 510 and 10795.
85
Calculate the highest common factor of 6283 and 34505.
103
What is the highest common divisor of 54535 and 39?
13
What is the greatest common divisor of 8 and 255424?
8
Calculate the greatest common divisor of 850 and 478550.
850
Calculate the greatest common divisor of 341 and 7073.
11
What is the highest common factor of 38 and 3?
1
What is the greatest common factor of 9021 and 6789?
93
What is the highest common factor of 86 and 548336?
86
What is the greatest common divisor of 2928 and 4209?
183
Calculate the highest common divisor of 433 and 199613.
433
What is the greatest common divisor of 64920 and 20040?
120
Calculate the highest common factor of 764 and 222897.
191
What is the highest common divisor of 2355823 and 717?
239
What is the highest common divisor of 2440 and 180?
20
What is the greatest common factor of 4862 and 1989?
221
What is the greatest common divisor of 35659 and 6752?
211
What is the highest common divisor of 21 and 8653449?
21
What is the highest common factor of 30036 and 384?
12
Calculate the highest common factor of 12847725 and 55.
55
What is the greatest common factor of 2524 and 5781222?
1262
What is the greatest common factor of 223608 and 168?
168
What is the highest common factor of 110982 a